0 - 100?
-10001001011000110
In base 4, what is 22 + -3012?
-2330
In base 11, what is -59 + -1241?
-129a
In base 4, what is 1011 - 21?
330
In base 7, what is -305 - -1001?
363
In base 10, what is -4 + -406218?
-406222
In base 12, what is 1618 - 71?
1567
In base 15, what is 29517 - 1?
29516
In base 9, what is -31 - -4165?
4134
In base 4, what is 10 + -1321110?
-1321100
In base 10, what is 26 - 97205?
-97179
In base 14, what is -30 - 4a?
-7a
In base 14, what is -2 - 221d?
-2221
In base 2, what is -10001 - 1101101001?
-1101111010
In base 15, what is -1e - cea?
-d19
In base 12, what is -238 - 3498?
-3714
In base 10, what is 1291856 - -4?
1291860
In base 4, what is 3022 - 102023?
-33001
In base 2, what is -11 - 10010111100011?
-10010111100110
In base 5, what is 134043 + -14?
134024
In base 11, what is 4 + 809?
812
In base 13, what is 6 - -3794?
379a
In base 8, what is -71 - 37463?
-37554
In base 9, what is -1621 + 1?
-1620
In base 2, what is -11111111100011 + 100?
-11111111011111
In base 3, what is 1102121110 + 2?
1102121112
In base 3, what is 2000 + 10221222?
11000222
In base 13, what is 1 + -463769?
-463768
In base 9, what is 38 - 1624?
-1575
In base 15, what is 6add + -3?
6ada
In base 12, what is 443a7 + -1?
443a6
In base 10, what is 11 + 20820?
20831
In base 10, what is -502 + 208?
-294
In base 7, what is -5 + 26000?
25662
In base 11, what is -20636 + 1?
-20635
In base 7, what is 3 + -6310?
-6304
In base 8, what is -56 - -10?
-46
In base 6, what is 10254314 - 4?
10254310
In base 6, what is 141 + -222545?
-222404
In base 16, what is 2ec + -f7?
1f5
In base 9, what is -5 - 1008216?
-1008222
In base 14, what is dcb03 + 0?
dcb03
In base 7, what is 13032 + -43?
12656
In base 8, what is -5 + -60247?
-60254
In base 13, what is 18c71 - 16?
18c58
In base 3, what is 112120201200 + -100?
112120201100
In base 13, what is -23 - -1a10?
19ba
In base 8, what is 415 + 570?
1205
In base 3, what is -2212211212 - 1221?
-2212220210
In base 6, what is 4050104 + 4?
4050112
In base 15, what is 8a5 + 2?
8a7
In base 6, what is -32 - 2134?
-2210
In base 5, what is -402 - 34212?
-40114
In base 3, what is -1111222002 - -102?
-1111221200
In base 6, what is 11 - -1553?
2004
In base 5, what is 1 - 12410443?
-12410442
In base 2, what is -1 + 10110111001111111?
10110111001111110
In base 15, what is 2 - -11471?
11473
In base 2, what is -110010 - 11011011?
-100001101
In base 12, what is 8b4 - 26?
88a
In base 2, what is 1000011100110 + -1011010?
1000010001100
In base 10, what is -120475 - 0?
-120475
In base 8, what is -34542 + -2?
-34544
In base 7, what is -1130 - -206?
-621
In base 12, what is a - 2649?
-263b
In base 5, what is 4 - 402423101?
-402423042
In base 16, what is -489 - -360?
-129
In base 10, what is 1 + -8676?
-8675
In base 12, what is -56054 - -22?
-56032
In base 5, what is -211033 + 1041?
-204442
In base 3, what is 1120 + 12000110?
12002000
In base 8, what is 4 + 142265?
142271
In base 12, what is 1 - -4055?
4056
In base 7, what is 46 + 415?
464
In base 6, what is -1003 + -52135?
-53142
In base 12, what is 13 - a9?
-96
In base 9, what is -1030 + 146?
-773
In base 12, what is 3b081 - -1b?
3b0a0
In base 8, what is 57 + 202?
261
In base 10, what is 521389 + -3?
521386
In base 9, what is -1 - -8680?
8678
In base 13, what is -3 + -ba12b?
-ba131
In base 15, what is 8734 + -4?
8730
In base 10, what is -50955 - -5?
-50950
In base 12, what is b1 - -6641?
6732
In base 8, what is -16156221 + 4?
-16156215
In base 6, what is -2 - 40441?
-40443
In base 16, what is -2 + 7b24?
7b22
In base 3, what is -10121 - 120222000?
-121002121
In base 3, what is -11210 - -120020?
101110
In base 3, what is 11122101 - -112?
11122220
In base 9, what is 662682 - 1?
662681
In base 9, what is 15480 + -3?
15476
In base 11, what is -179a7 - -1?
-179a6
In base 10, what is 5 + 12698?
12703
In base 9, what is 523 + 163?
686
In base 10, what is -6 + -24178?
-24184
In base 4, what is 1322223 + 20?
1322303
In base 14, what is -105bb0d + -4?
-105bb13
In base 11, what is -2 - -14543?
14541
In base 9, what is 1603350 - 1?
1603348
In base 2, what is 10000101110 - 110010110?
1010011000
In base 13, what is -3 + 3069b?
30698
In base 15, what is -8 + -32c?
-335
In base 5, what is -10 + 4020224?
4020214
In base 13, what is 25 - 3895?
-3870
In base 9, what is 2 - 62524?
-62522
In base 14, what is -38 - 133d0?
-13428
In base 8, what is 122 - 152?
-30
In base 4, what is 11110031 + 111?
11110202
In base 12, what is -3 - -3407b?
34078
In base 7, what is 4 - -416051?
416055
In base 6, what is -13 + -50112?
-50125
In base 4, what is 301 - -100201001?
100201302
In base 8, what is -10 - 363422?
-363432
In base 8, what is 1237535 + 3?
1237540
In base 4, what is -100111 - -313002?
212231
In base 5, what is 1022413 + 2?
1022420
In base 5, what is 131 - 142011?
-141330
In base 11, what is -6336 + -7?
-6342
In base 3, what is 12 + -2102010110?
-2102010021
In base 4, what is 100 + -302330?
-302230
In base 2, what is -111001011 - -1101?
-110111110
In base 15, what is -2 + -28c04?
-28c06
In base 12, what is 2548 - -2b?
2577
In base 12, what is 25 - -1ab8?
1b21
In base 12, what is 100 + -2504?
-2404
In base 6, what is 0 + -40131?
-40131
In base 2, what is -10011000 + -111110011?
-1010001011
In base 11, what is -260a9 - -5?
-260a4
In base 10, what is 12 - 16729?
-16717
In base 7, what is -1606 + -1066?
-3005
In base 4, what is 10 - -23202032?
23202102
In base 5, what is -1200111020 - 4?
-1200111024
In base 14, what is cb9 + -80?
c39
In base 7, what is -1254 + -15066?
-16353
In base 15, what is -4 - 688?
-68c
In base 11, what is -40 - -213?
183
In base 7, what is -5 + 151116?
151111
In base 14, what is -26d8 + -11?
-2709
In base 16, what is b - 1389?
-137e
In base 14, what is 1aa5 - 18?
1a8b
In base 3, what is 12201201102100 + -2?
12201201102021
In base 2, what is -101110 - -100011101000001?
100011100010011
In base 7, what is -5 + -1010335?
-1010343
In base 4, what is -3211 - 1220021?
-1223232
In base 3, what is -2 - 10012022220?
-10012022222
In base 9, what is -7 + 224400?
224382
In base 2, what is -101110 + 111010110?
110101000
In base 15, what is -190 - -97?
-e8
In base 14, what is -79ddc7 - 5?
-79ddcc
In base 16, what is -2f1d5 - -5?
-2f1d0
In base 14, what is 3c8d3 - 1?
3c8d2
In base 10, what is -2 - -196064?
196062
In base 7, what is -551 + 1305?
424
In base 14, what is -18 + -36d9?
-3713
In base 9, what is -31582 + -18?
-31611
In base 10, what is 142 + 7500?
7642
In base 13, what is -12 + -120bc?
-12101
In base 12, what is -141b - -3?
-1418
In base 6, what is -233 + -23141?
-23414
In base 11, what is -2 + -334655?
-334657
In base 8, what is 4 + -112450?
-112444
In base 11, what is 89 - 41535?
-41457
In base 15, what is -4 - -6a88?
6a84
In base 7, what is 0 + 300013?
300013
In base 11, what is -1 + 7577?
7576
In base 8, what is -147 - -201161?
201012
In base 14, what is -34c848 + 4?
-34c844
In base 5, what is 120304 + 33?
120342
In base 16, what is -3 - -9656f?
9656c
In base 4, what is 21 - -12020?
12101
In base 13, what is -3 - -84ab?
84a8
In base 10, what is 279633 - 8?
279625
In base 9, what is -5 - 14065?
-14071
In base 12, what is 125bb + -3?
125b8
In base 2, what is -10100001111000110101 + 1?
-10100001111000110100
In base 5, what is 30 - 13211?
-13131
In base 10, what is 48 - 1764?
-1716
In base 9, what is 2 - -11010?
11012
In base 13, what is 33308a - -3?
333090
In base 14, what is 9ac6 + -4?
9ac2
In base 16, what is -1fc3 - 136?
-20f9
In base 4, what is 10011300012 - 1?
10011300011
In base 11, what is 17601 - -19?
1761a
In base 15, what is 2 + 8a8b?
8a8d
In base 14, what is -3 - 1ba2?
-1ba5
In base 10, what is -22 - 775?
-797
In base 16, what is 19c90b + -2?
19c909
In base 6, what is -3 + 132434?
132431
In base 7, what is 360 + 4506?
5166
In base 2, what is -100101 + 10011111111110?
10011111011001
In base 7, what is 322266 + 5?
322304
In base 16, what is -12 - -9da?
9c8
In base 3, what is -1200 + -1110021110?
-1110100010
In base 2, what is 1000001 + -111000110101010?
-111000101101001
In base 14, what is -33 + 2561?
252c
In base 7, what is 43 - -1555?
1631
In base 10, what is -5 + 897392?
897387
In base 16, what is 854 + -42f?
425
In base 9, what is 5605 + -252?
5343
In base 14, what is 1c + c60?
c7c
In base 11, what is -